d. What is the units digit of t?
4
Let n(i) = -10*i**3 - 2*i**2 - 2*i + 1. Let k be n(2). Let a be (-441)/k + (-2)/(-13). Suppose u + 2*u - 13 = -d, -4*u + 54 = a*d. What is the units digit of d?
0
Let p be 3/(27/15)*6. Let z(s) = -s**3 + 10*s**2 + s. What is the tens digit of z(p)?
1
Let x = 4 - 4. Suppose 2*k - 4 + 0 = x. Suppose k*g - 2 = g. What is the units digit of g?
2
Let r be 16 - -1 - (-4 + 5). Suppose -r + 0 = -4*s. Suppose 0 = 5*v - s*v - 6. What is the units digit of v?
6
Suppose 2*k = 8 + 102. What is the units digit of k?
5
Let s = -133 - -214. What is the units digit of s?
1
Suppose -4*m + 3*g = -0*g - 20, 0 = 4*m + 5*g + 12. What is the tens digit of (m + (-84)/3)/(-1)?
2
Suppose -95*i = -98*i + 828. What is the units digit of i?
6
Let s be (1/3)/((-1)/(-15)). Suppose s*w - 45 = 2*w. Suppose 12 + w = 3*t. What is the units digit of t?
9
Let g(a) = -a**2 - 12*a - 11. Let w be g(-11). Suppose w = q - 2 - 5. What is the units digit of q?
7
Let v = -4 + 7. Suppose -v*b = -2*c + 28, 45 - 11 = -3*b - 4*c. What is the units digit of 168/15 + 2/b?
1
Suppose 4*g - 2*t - 82 = 0, 1 = 3*t - 8. What is the tens digit of g?
2
Suppose -13*s + 4870 = 801. What is the units digit of s?
3
Let l be 333/(-5) - 12/(-20). Let m = -44 - l. Suppose -6*b + 5*b + 5*c - m = 0, -5*b - 10 = -5*c. What is the units digit of b?
3
Suppose -9*j - 190 = -14*j. What is the units digit of j?
8
Let t be (-1 + 1)/(4 - 2). Suppose 4 + t = 2*v. Suppose -5*f - v*d = 14 - 51, -3 = -3*d. What is the units digit of f?
7
Let h(a) = a**3 + 5*a**2 + 4*a + 5. Let q be h(-4). Suppose -2*d + q*t - 19 = -4*d, -4*t = 2*d - 16. What is the units digit of d?
2
Suppose 3*a - 212 = -3*s + 313, 835 = 5*s - 5*a. What is the hundreds digit of s?
1
Suppose -2*b - 5*v - 3 = -19, 4*v - 18 = b. What is the units digit of (0 - b)/(6/9)?
3
Suppose 2*z - 70 = 5*v - 3*v, 5*z + 4*v - 166 = 0. What is the tens digit of z?
3
Let c = 97 + -57. What is the units digit of c?
0
Let r(s) = s**3 + 6*s**2 + 2*s + 3. What is the tens digit of r(-4)?
2
Let n be (-2)/(-4)*0/(-2). Let v = 64 - 59. Suppose n*s = -s + k + v, -s + 4*k - 10 = 0. What is the units digit of s?
0
Suppose 24 = -3*g - 18. Let z = 18 - g. Suppose v = -3*v + z. What is the units digit of v?
8
Suppose -3*p = -5*p + 34. What is the units digit of p?
7
What is the units digit of -3 - 6*(-3 + 1)?
9
Let v(z) be the second derivative of -z**5/20 + 3*z**4/4 - z**3 - 3*z. What is the tens digit of v(8)?
1
Suppose 3*k + 4*x = 648, 0 = 2*k + 3*k - 2*x - 1080. What is the tens digit of k?
1
Let u = 9 + 93. What is the units digit of u?
2
Let s(z) = -z**2 - 7*z - 2. What is the units digit of s(-5)?
8
Suppose 0 = -k - m - 2, -4*k - 5*m = -9*k - 40. Let x = -10 - k. What is the units digit of 15 - (x + 2) - 0?
8
Let b be ((-14)/8)/(2/(-8)). Suppose -4*t + 145 = t. Suppose 3*d - b*d - t = -s, -4*s - d = -48. What is the tens digit of s?
1
Suppose z + 12 = -2*z. Let p be -9*(z + 2) + 1. Suppose -3*a + p = o - 3*o, 4*a + 4*o - 32 = 0. What is the units digit of a?
7
Let f(c) = -6*c + 7. What is the tens digit of f(-6)?
4
Let h(y) = y**2 + 6. Let o be h(0). What is the units digit of ((-45)/(-6))/(o/16)?
0
Suppose -5*a = -3*a - 20. What is the tens digit of a?
1
Let m be (-6)/9 + 38/3. Suppose 4*h + 36 = -0*o + 3*o, -o + h + m = 0. What is the units digit of o?
2
Suppose 10*d = 1026 - 146. What is the units digit of d?
8
Let i(b) = b**2 + 15. Suppose -2*u = 5*d - 2 - 3, 2*u = 5*d - 5. What is the tens digit of i(u)?
1
Let o(k) = -k**3 + 16*k**2 + 37*k + 27. What is the units digit of o(18)?
5
Let y = 2 - 5. Let l be (y/6)/((-1)/58). Suppose 4*u = -9 + l. What is the units digit of u?
5
Let d be (-7)/28 + 29/4. Suppose 0 = -d*g + 3*g + 24. Let c = -5 + g. What is the units digit of c?
1
Let d be (-1 - -2)/((-3)/(-6)). Suppose -5*p = d*o - 15, 4*o + 9 = 3*p + o. Suppose -p*s = -b + 13, 11 = b + b - s. What is the units digit of b?
4
Let y = 288 - 179. What is the hundreds digit of y?
1
Suppose -a + 1 + 5 = 0. Let l be 139/4 + (-2)/(-8). Suppose -l = -a*h + h. What is the units digit of h?
7
Let k be (-1 - -5) + (-3 - -1). Suppose 4*r - 10 - 2 = -4*l, -3*r - k*l + 9 = 0. Suppose -r*s + 62 = 2*s + 3*p, 49 = 4*s + 3*p. What is the tens digit of s?
1
Let k(y) be the second derivative of -4*y**3/3 + 2*y**2 - 3*y. What is the units digit of k(-3)?
8
Suppose 10 + 33 = 4*i + y, 2*i + 1 = -5*y. What is the tens digit of i?
1
Suppose -4*h = 16, 4*y - 4*h = 199 + 301. What is the tens digit of y?
2
Let m(b) = -2*b - 5. Let u be m(-5). Suppose -11 = 4*s + 1, 3*f - 4*s = 12. Suppose f = u*q - 48 - 2. What is the units digit of q?
0
Let l(t) = t**2 - 3*t - 2. Let u be l(5). Let k = u + -6. What is the units digit of k?
2
What is the tens digit of (-4 + (-5 - -4))*-13?
6
Suppose -5*f + 43 = -4*f. Suppose 5*h = -o + 2*h + 21, -3*o = 3*h - 69. Let i = f - o. What is the units digit of i?
9
Suppose -4*q - 10 = q. Let t(u) = u**3 + 4*u**2 + 2*u - 2. Let r be t(q). What is the units digit of ((-1)/r)/(2/(-28))?
7
Suppose 3*m = 48 + 42. What is the tens digit of m?
3
Let i(m) = 118*m**2 - m + 1. What is the hundreds digit of i(1)?
1
Let q(c) = 2*c - 2. Let l be q(5). Let r(u) = -2 - 1 + l*u + 4. What is the units digit of r(1)?
9
Let w(x) = 17*x + 4. Let y be w(2). Let u = y + -11. What is the units digit of u?
7
Suppose -2*f = -0*f - 108. Let k = 14 - f. What is the tens digit of 16/k - 144/(-10)?
1
Let i(y) = 4*y + 14. Let h(m) = -2*m - 13. Let g be h(-10). What is the tens digit of i(g)?
4
Let o = -7 + 2. What is the tens digit of 0 - -16 - (-4 - o)?
1
Suppose 4*d + 4 = 16. Suppose 0 = -d*q + 2*q + 1. What is the units digit of q?
1
Suppose 3*k - 4*j + 9*j - 273 = 0, -3*k + 3*j = -297. What is the units digit of k?
6
Suppose 2*u - 3*u = -3. Suppose 98 = 3*p + 4*c, u*c = -3*p + 153 - 54. What is the tens digit of p?
3
What is the hundreds digit of (-1 + (-3)/(-2))/((-2)/(-412))?
1
Suppose -5*w - 93 = -4*h, 0*h - 2*h + 2*w + 48 = 0. What is the tens digit of h?
2
Suppose 2*x + 12 = 4*x. What is the units digit of x?
6
Let p = -5 - 1. Let h(n) be the first derivative of -n**3/3 - 5*n**2/2 + 7*n + 1. What is the units digit of h(p)?
1
Let o be -2 + 1/((-1)/(-6)). Suppose 0 = -2*m + v + 33, -4*m + o*v + 11 + 61 = 0. What is the tens digit of m?
1
Suppose 5*g - 33 = -4*j, 28 = 4*j + 3*g + g. Let v(u) = -u**2 + 4*u + 1. What is the units digit of v(j)?
5
Suppose 0*f + 174 = 3*f. Suppose 19 - f = -3*w. What is the tens digit of w?
1
Suppose -f + 8 = f. Suppose 27 - 3 = -f*z. What is the units digit of (2/1)/(z/(-15))?
5
Suppose 2*t = -5*i + 6*t + 17, -7 = 5*i + 4*t. Let j(q) = -2*q**3 - 1. Let s be j(i). What is the units digit of (7 - 6/s) + -1?
8
Let o = 68 - 32. What is the units digit of o?
6
Let x(t) = t**2 + 7*t + 1 - 6*t + 1 - 6. What is the units digit of x(4)?
6
Let c(p) = p**3 - 4*p**2 + 5*p + 8. What is the units digit of c(6)?
0
Let s be (-1)/(-5) + 41/(-5). Let q = -3 - s. Suppose 2*y = 4*h - 6 - 40, 5*h - q*y - 70 = 0. What is the units digit of h?
9
What is the units digit of 15/10*(33 - -1)?
1
Let o(j) = -j + 9. Let w be o(7). Suppose -3*q - q - 26 = -3*l, -w*q - 14 = -2*l. What is the units digit of l?
2
Let g = 8 + -6. Let b(x) = 3*x**2 - 4*x + 2. What is the units digit of b(g)?
6
Let s(t) = 230*t**3 + 2*t. Let f be s(2). Let u be f/36 - 2/9. Let q = u - 32. What is the units digit of q?
9
Let l(d) = -d**2 + 6*d. Let n(r) = -r**3 + r**2 + r. Let c be n(0). Suppose -x + 4 = -c*x. What is the units digit of l(x)?
8
Suppose -2*p + 0*p = 14. Let r(a) = -5*a**2 + 12*a - 9. Let n(y) = -y**2 + y. Let q(z) = 6*n(z) - r(z). What is the units digit of q(p)?
2
Suppose -5*v = -5*y - 15, 3*v + 2*y = v + 26. What is the units digit of v?
8
Let w(m) = 46*m - 52. What is the tens digit of w(5)?
7
Suppose 5*d = 3*d - 2*s - 58, -10 = 2*s. Let c = 42 + d. What is the units digit of c?
8
Let n = -8 - -5. Suppose 4*r - 5*t + 16 = 0, t + 3 = r + 8. What is the units digit of 1 - (-2 - n) - r?
9
Suppose -5*b - 3*s = -4*s, -4*s = 0. Suppose 2*p - 5*p + 72 = b. Suppose -4*d + p + 32 = 0. What is the tens digit of d?
1
Suppose 2*r - d - 4 = 3*d, 10 = 5*r + 3*d. Let c(u) = 2*u - u + 2 + r*u**2 - 3*u. What is the units digit of c(2)?
6
Suppose -20 = -5*f - 5*d, 20 = 3*f + 2*f + 3*d